{"id":1662,"date":"2018-03-20T09:33:55","date_gmt":"2018-03-20T12:33:55","guid":{"rendered":"http:\/\/www.bramonmeteor.org\/bramon\/?page_id=1662"},"modified":"2018-03-20T09:33:55","modified_gmt":"2018-03-20T12:33:55","slug":"campanha-tiangong-1-passagens-da-estacao-espacial-chinesa","status":"publish","type":"page","link":"http:\/\/www.bramonmeteor.org\/bramon\/campanha-tiangong-1-passagens-da-estacao-espacial-chinesa\/","title":{"rendered":"Campanha Tiangong-1 &#8211; Passagens da Esta\u00e7\u00e3o Espacial Chinesa"},"content":{"rendered":"<p>Abaixo uma listagem das passagens da\u00a0Tiangong-1 para cada esta\u00e7\u00e3o BRAMON. Se sua esta\u00e7\u00e3o n\u00e3o estiver a\u00ed, entre em contato para que possamos corrigir.<\/p>\n<p>&nbsp;<\/p>\n<ul>\n<li><a href=\"http:\/\/www.heavens-above.com\/PassSummary.aspx?satid=37820&amp;lat=-19.8819&amp;lng=-43.9842&amp;loc=AAC&amp;alt=0&amp;tz=UCT3\" target=\"_blank\" rel=\"noopener noreferrer\">AAC<\/a><\/li>\n<li><a href=\"http:\/\/www.heavens-above.com\/PassSummary.aspx?satid=37820&amp;lat=-5.7793&amp;lng=-35.2009&amp;loc=AAS&amp;alt=0&amp;tz=UCT3\" target=\"_blank\" rel=\"noopener noreferrer\">AAS<\/a><\/li>\n<li><a href=\"http:\/\/www.heavens-above.com\/PassSummary.aspx?satid=37820&amp;lat=-22.4114&amp;lng=-47.5614&amp;loc=ACD&amp;alt=0&amp;tz=UCT3\" target=\"_blank\" rel=\"noopener noreferrer\">ACD<\/a><\/li>\n<li><a href=\"http:\/\/www.heavens-above.com\/PassSummary.aspx?satid=37820&amp;lat=-22.8227&amp;lng=-47.2403&amp;loc=ADJ&amp;alt=0&amp;tz=UCT3\" target=\"_blank\" rel=\"noopener noreferrer\">ADJ<\/a><\/li>\n<li><a href=\"http:\/\/www.heavens-above.com\/PassSummary.aspx?satid=37820&amp;lat=-27.5948&amp;lng=-48.6257&amp;loc=ALH&amp;alt=0&amp;tz=UCT3\" target=\"_blank\" rel=\"noopener noreferrer\">ALH<\/a><\/li>\n<li><a href=\"http:\/\/www.heavens-above.com\/PassSummary.aspx?satid=37820&amp;lat=-7.7480&amp;lng=-35.2380&amp;loc=APS&amp;alt=0&amp;tz=UCT3\" target=\"_blank\" rel=\"noopener noreferrer\">APS<\/a><\/li>\n<li><a href=\"http:\/\/www.heavens-above.com\/PassSummary.aspx?satid=37820&amp;lat=-22.8610&amp;lng=-42.2690&amp;loc=ARA&amp;alt=0&amp;tz=UCT3\" target=\"_blank\" rel=\"noopener noreferrer\">ARA<\/a><\/li>\n<li><a href=\"http:\/\/www.heavens-above.com\/PassSummary.aspx?satid=37820&amp;lat=-29.6406&amp;lng=-51.3022&amp;loc=ARL&amp;alt=0&amp;tz=UCT3\" target=\"_blank\" rel=\"noopener noreferrer\">ARL<\/a><\/li>\n<li><a href=\"http:\/\/www.heavens-above.com\/PassSummary.aspx?satid=37820&amp;lat=-16.7327&amp;lng=-43.8806&amp;loc=AWT&amp;alt=0&amp;tz=UCT3\" target=\"_blank\" rel=\"noopener noreferrer\">AWT<\/a><\/li>\n<li><a href=\"http:\/\/www.heavens-above.com\/PassSummary.aspx?satid=37820&amp;lat=-22.2138&amp;lng=-49.9459&amp;loc=BENe&amp;alt=0&amp;tz=UCT3\" target=\"_blank\" rel=\"noopener noreferrer\">BENe<\/a><\/li>\n<li><a href=\"http:\/\/www.heavens-above.com\/PassSummary.aspx?satid=37820&amp;lat=-23.3833&amp;lng=-51.9334&amp;loc=BFB&amp;alt=0&amp;tz=UCT3\" target=\"_blank\" rel=\"noopener noreferrer\">BFB<\/a><\/li>\n<li><a href=\"http:\/\/www.heavens-above.com\/PassSummary.aspx?satid=37820&amp;lat=-23.6191&amp;lng=-46.5545&amp;loc=BGS&amp;alt=0&amp;tz=UCT3\" target=\"_blank\" rel=\"noopener noreferrer\">BGS<\/a><\/li>\n<li><a href=\"http:\/\/www.heavens-above.com\/PassSummary.aspx?satid=37820&amp;lat=-21.9355&amp;lng=-50.7417&amp;loc=BMF&amp;alt=0&amp;tz=UCT3\" target=\"_blank\" rel=\"noopener noreferrer\">BMF<\/a><\/li>\n<li><a href=\"http:\/\/www.heavens-above.com\/PassSummary.aspx?satid=37820&amp;lat=-20.8914&amp;lng=-47.5735&amp;loc=CAV&amp;alt=0&amp;tz=UCT3\" target=\"_blank\" rel=\"noopener noreferrer\">CAV<\/a><\/li>\n<li><a href=\"http:\/\/www.heavens-above.com\/PassSummary.aspx?satid=37820&amp;lat=-9.4027&amp;lng=-36.9875&amp;loc=cAVT&amp;alt=0&amp;tz=UCT3\" target=\"_blank\" rel=\"noopener noreferrer\">cAVT<\/a><\/li>\n<li><a href=\"http:\/\/www.heavens-above.com\/PassSummary.aspx?satid=37820&amp;lat=-15.0000&amp;lng=-56.0000&amp;loc=CBA&amp;alt=0&amp;tz=UCT3\" target=\"_blank\" rel=\"noopener noreferrer\">CBA<\/a><\/li>\n<li><a href=\"http:\/\/www.heavens-above.com\/PassSummary.aspx?satid=37820&amp;lat=-9.6614&amp;lng=-35.7308&amp;loc=CEUC&amp;alt=0&amp;tz=UCT3\" target=\"_blank\" rel=\"noopener noreferrer\">CEUC<\/a><\/li>\n<li><a href=\"http:\/\/www.heavens-above.com\/PassSummary.aspx?satid=37820&amp;lat=-29.6489&amp;lng=-50.7825&amp;loc=CFJ&amp;alt=0&amp;tz=UCT3\" target=\"_blank\" rel=\"noopener noreferrer\">CFJ<\/a><\/li>\n<li><a href=\"http:\/\/www.heavens-above.com\/PassSummary.aspx?satid=37820&amp;lat=-27.5939&amp;lng=-48.5979&amp;loc=CGC&amp;alt=0&amp;tz=UCT3\" target=\"_blank\" rel=\"noopener noreferrer\">CGC<\/a><\/li>\n<li><a href=\"http:\/\/www.heavens-above.com\/PassSummary.aspx?satid=37820&amp;lat=-22.6977&amp;lng=-46.7875&amp;loc=CIR&amp;alt=0&amp;tz=UCT3\" target=\"_blank\" rel=\"noopener noreferrer\">CIR<\/a><\/li>\n<li><a href=\"http:\/\/www.heavens-above.com\/PassSummary.aspx?satid=37820&amp;lat=-16.4583&amp;lng=-54.6286&amp;loc=CMM&amp;alt=0&amp;tz=UCT3\" target=\"_blank\" rel=\"noopener noreferrer\">CMM<\/a><\/li>\n<li><a href=\"http:\/\/www.heavens-above.com\/PassSummary.aspx?satid=37820&amp;lat=-21.5097&amp;lng=-44.9042&amp;loc=CMS&amp;alt=0&amp;tz=UCT3\" target=\"_blank\" rel=\"noopener noreferrer\">CMS<\/a><\/li>\n<li><a href=\"http:\/\/www.heavens-above.com\/PassSummary.aspx?satid=37820&amp;lat=-7.2202&amp;lng=-35.9020&amp;loc=CPV&amp;alt=0&amp;tz=UCT3\" target=\"_blank\" rel=\"noopener noreferrer\">CPV<\/a><\/li>\n<li><a href=\"http:\/\/www.heavens-above.com\/PassSummary.aspx?satid=37820&amp;lat=-19.9819&amp;lng=-50.2920&amp;loc=CRP&amp;alt=0&amp;tz=UCT3\" target=\"_blank\" rel=\"noopener noreferrer\">CRP<\/a><\/li>\n<li><a href=\"http:\/\/www.heavens-above.com\/PassSummary.aspx?satid=37820&amp;lat=-23.6062&amp;lng=-46.6573&amp;loc=CSP&amp;alt=0&amp;tz=UCT3\" target=\"_blank\" rel=\"noopener noreferrer\">CSP<\/a><\/li>\n<li><a href=\"http:\/\/www.heavens-above.com\/PassSummary.aspx?satid=37820&amp;lat=-22.9515&amp;lng=-47.0830&amp;loc=DLM&amp;alt=0&amp;tz=UCT3\" target=\"_blank\" rel=\"noopener noreferrer\">DLM<\/a><\/li>\n<li><a href=\"http:\/\/www.heavens-above.com\/PassSummary.aspx?satid=37820&amp;lat=-3.7487&amp;lng=-38.4684&amp;loc=EDB&amp;alt=0&amp;tz=UCT3\" target=\"_blank\" rel=\"noopener noreferrer\">EDB<\/a><\/li>\n<li><a href=\"http:\/\/www.heavens-above.com\/PassSummary.aspx?satid=37820&amp;lat=-22.7187&amp;lng=-47.6207&amp;loc=FBH&amp;alt=0&amp;tz=UCT3\" target=\"_blank\" rel=\"noopener noreferrer\">FBH<\/a><\/li>\n<li><a href=\"http:\/\/www.heavens-above.com\/PassSummary.aspx?satid=37820&amp;lat=-17.9312&amp;lng=51.7180&amp;loc=FEJ&amp;alt=0&amp;tz=UCT3\" target=\"_blank\" rel=\"noopener noreferrer\">FEJ<\/a><\/li>\n<li><a href=\"http:\/\/www.heavens-above.com\/PassSummary.aspx?satid=37820&amp;lat=-23.5354&amp;lng=-46.8081&amp;loc=FGL&amp;alt=0&amp;tz=UCT3\" target=\"_blank\" rel=\"noopener noreferrer\">FGL<\/a><\/li>\n<li><a href=\"http:\/\/www.heavens-above.com\/PassSummary.aspx?satid=37820&amp;lat=-29.7677&amp;lng=-51.1421&amp;loc=FSL&amp;alt=0&amp;tz=UCT3\" target=\"_blank\" rel=\"noopener noreferrer\">FSL<\/a><\/li>\n<li><a href=\"http:\/\/www.heavens-above.com\/PassSummary.aspx?satid=37820&amp;lat=-16.7030&amp;lng=-49.3026&amp;loc=GBM&amp;alt=0&amp;tz=UCT3\" target=\"_blank\" rel=\"noopener noreferrer\">GBM<\/a><\/li>\n<li><a href=\"http:\/\/www.heavens-above.com\/PassSummary.aspx?satid=37820&amp;lat=-22.8022&amp;lng=-45.1906&amp;loc=GPDO&amp;alt=0&amp;tz=UCT3\" target=\"_blank\" rel=\"noopener noreferrer\">GPDO<\/a><\/li>\n<li><a href=\"http:\/\/www.heavens-above.com\/PassSummary.aspx?satid=37820&amp;lat=-15.8338&amp;lng=-48.0398&amp;loc=GUN&amp;alt=0&amp;tz=UCT3\" target=\"_blank\" rel=\"noopener noreferrer\">GUN<\/a><\/li>\n<li><a href=\"http:\/\/www.heavens-above.com\/PassSummary.aspx?satid=37820&amp;lat=-29.3345&amp;lng=-49.7315&amp;loc=GZT&amp;alt=0&amp;tz=UCT3\" target=\"_blank\" rel=\"noopener noreferrer\">GZT<\/a><\/li>\n<li><a href=\"http:\/\/www.heavens-above.com\/PassSummary.aspx?satid=37820&amp;lat=-25.2989&amp;lng=-54.1001&amp;loc=HPR&amp;alt=0&amp;tz=UCT3\" target=\"_blank\" rel=\"noopener noreferrer\">HPR<\/a><\/li>\n<li><a href=\"http:\/\/www.heavens-above.com\/PassSummary.aspx?satid=37820&amp;lat=-18.5873&amp;lng=-46.5147&amp;loc=IDS&amp;alt=0&amp;tz=UCT3\" target=\"_blank\" rel=\"noopener noreferrer\">IDS<\/a><\/li>\n<li><a href=\"http:\/\/www.heavens-above.com\/PassSummary.aspx?satid=37820&amp;lat=-22.8859&amp;lng=-42.9933&amp;loc=IGS&amp;alt=0&amp;tz=UCT3\" target=\"_blank\" rel=\"noopener noreferrer\">IGS<\/a><\/li>\n<li><a href=\"http:\/\/www.heavens-above.com\/PassSummary.aspx?satid=37820&amp;lat=-15.6254&amp;lng=-58.1700&amp;loc=ISL&amp;alt=0&amp;tz=UCT3\" target=\"_blank\" rel=\"noopener noreferrer\">ISL<\/a><\/li>\n<li><a href=\"http:\/\/www.heavens-above.com\/PassSummary.aspx?satid=37820&amp;lat=-15.8322&amp;lng=-48.0173&amp;loc=JAC&amp;alt=0&amp;tz=UCT3\" target=\"_blank\" rel=\"noopener noreferrer\">JAC<\/a><\/li>\n<li><a href=\"http:\/\/www.heavens-above.com\/PassSummary.aspx?satid=37820&amp;lat=-22.6967&amp;lng=-45.5181&amp;loc=JAM&amp;alt=0&amp;tz=UCT3\" target=\"_blank\" rel=\"noopener noreferrer\">JAM<\/a><\/li>\n<li><a href=\"http:\/\/www.heavens-above.com\/PassSummary.aspx?satid=37820&amp;lat=-26.4583&amp;lng=-50.2270&amp;loc=JJS&amp;alt=0&amp;tz=UCT3\" target=\"_blank\" rel=\"noopener noreferrer\">JJS<\/a><\/li>\n<li><a href=\"http:\/\/www.heavens-above.com\/PassSummary.aspx?satid=37820&amp;lat=-7.1500&amp;lng=-34.8300&amp;loc=JPM&amp;alt=0&amp;tz=UCT3\" target=\"_blank\" rel=\"noopener noreferrer\">JPM<\/a><\/li>\n<li><a href=\"http:\/\/www.heavens-above.com\/PassSummary.aspx?satid=37820&amp;lat=-7.1142&amp;lng=-34.8394&amp;loc=JPZ&amp;alt=0&amp;tz=UCT3\" target=\"_blank\" rel=\"noopener noreferrer\">JPZ<\/a><\/li>\n<li><a href=\"http:\/\/www.heavens-above.com\/PassSummary.aspx?satid=37820&amp;lat=-23.2838&amp;lng=-51.1638&amp;loc=JZL&amp;alt=0&amp;tz=UCT3\" target=\"_blank\" rel=\"noopener noreferrer\">JZL<\/a><\/li>\n<li><a href=\"http:\/\/www.heavens-above.com\/PassSummary.aspx?satid=37820&amp;lat=-7.2561&amp;lng=-37.3604&amp;loc=KAL&amp;alt=0&amp;tz=UCT3\" target=\"_blank\" rel=\"noopener noreferrer\">KAL<\/a><\/li>\n<li><a href=\"http:\/\/www.heavens-above.com\/PassSummary.aspx?satid=37820&amp;lat=-3.4732&amp;lng=-41.5550&amp;loc=LCP&amp;alt=0&amp;tz=UCT3\" target=\"_blank\" rel=\"noopener noreferrer\">LCP<\/a><\/li>\n<li><a href=\"http:\/\/www.heavens-above.com\/PassSummary.aspx?satid=37820&amp;lat=-18.1658&amp;lng=-47.9464&amp;loc=LCS&amp;alt=0&amp;tz=UCT3\" target=\"_blank\" rel=\"noopener noreferrer\">LCS<\/a><\/li>\n<li><a href=\"http:\/\/www.heavens-above.com\/PassSummary.aspx?satid=37820&amp;lat=-22.7047&amp;lng=-47.6628&amp;loc=LEO&amp;alt=0&amp;tz=UCT3\" target=\"_blank\" rel=\"noopener noreferrer\">LEO<\/a><\/li>\n<li><a href=\"http:\/\/www.heavens-above.com\/PassSummary.aspx?satid=37820&amp;lat=-22.8052&amp;lng=-43.2086&amp;loc=LMC&amp;alt=0&amp;tz=UCT3\" target=\"_blank\" rel=\"noopener noreferrer\">LMC<\/a><\/li>\n<li><a href=\"http:\/\/www.heavens-above.com\/PassSummary.aspx?satid=37820&amp;lat=-32.0370&amp;lng=-52.0974&amp;loc=LQM&amp;alt=0&amp;tz=UCT3\" target=\"_blank\" rel=\"noopener noreferrer\">LQM<\/a><\/li>\n<li><a href=\"http:\/\/www.heavens-above.com\/PassSummary.aspx?satid=37820&amp;lat=-7.1547&amp;lng=-34.9569&amp;loc=LTS&amp;alt=0&amp;tz=UCT3\" target=\"_blank\" rel=\"noopener noreferrer\">LTS<\/a><\/li>\n<li><a href=\"http:\/\/www.heavens-above.com\/PassSummary.aspx?satid=37820&amp;lat=-15.6570&amp;lng=-47.8679&amp;loc=MAD&amp;alt=0&amp;tz=UCT3\" target=\"_blank\" rel=\"noopener noreferrer\">MAD<\/a><\/li>\n<li><a href=\"http:\/\/www.heavens-above.com\/PassSummary.aspx?satid=37820&amp;lat=-16.0120&amp;lng=-48.0047&amp;loc=MAS&amp;alt=0&amp;tz=UCT3\" target=\"_blank\" rel=\"noopener noreferrer\">MAS<\/a><\/li>\n<li><a href=\"http:\/\/www.heavens-above.com\/PassSummary.aspx?satid=37820&amp;lat=-18.5827&amp;lng=-46.5084&amp;loc=MAV&amp;alt=0&amp;tz=UCT3\" target=\"_blank\" rel=\"noopener noreferrer\">MAV<\/a><\/li>\n<li><a href=\"http:\/\/www.heavens-above.com\/PassSummary.aspx?satid=37820&amp;lat=-11.5976&amp;lng=-39.1936&amp;loc=MDE&amp;alt=0&amp;tz=UCT3\" target=\"_blank\" rel=\"noopener noreferrer\">MDE<\/a><\/li>\n<li><a href=\"http:\/\/www.heavens-above.com\/PassSummary.aspx?satid=37820&amp;lat=-21.7390&amp;lng=-43.3640&amp;loc=MHS&amp;alt=0&amp;tz=UCT3\" target=\"_blank\" rel=\"noopener noreferrer\">MHS<\/a><\/li>\n<li><a href=\"http:\/\/www.heavens-above.com\/PassSummary.aspx?satid=37820&amp;lat=-3.8840&amp;lng=-38.6693&amp;loc=MPE&amp;alt=0&amp;tz=UCT3\" target=\"_blank\" rel=\"noopener noreferrer\">MPE<\/a><\/li>\n<li><a href=\"http:\/\/www.heavens-above.com\/PassSummary.aspx?satid=37820&amp;lat=-30.9862&amp;lng=-52.6048&amp;loc=MSF&amp;alt=0&amp;tz=UCT3\" target=\"_blank\" rel=\"noopener noreferrer\">MSF<\/a><\/li>\n<li><a href=\"http:\/\/www.heavens-above.com\/PassSummary.aspx?satid=37820&amp;lat=-23.2700&amp;lng=-51.1800&amp;loc=NEW&amp;alt=0&amp;tz=UCT3\" target=\"_blank\" rel=\"noopener noreferrer\">NEW<\/a><\/li>\n<li><a href=\"http:\/\/www.heavens-above.com\/PassSummary.aspx?satid=37820&amp;lat=-22.8506&amp;lng=-43.3166&amp;loc=NSM&amp;alt=0&amp;tz=UCT3\" target=\"_blank\" rel=\"noopener noreferrer\">NSM<\/a><\/li>\n<li><a href=\"http:\/\/www.heavens-above.com\/PassSummary.aspx?satid=37820&amp;lat=-21.3942&amp;lng=-50.5060&amp;loc=OCA&amp;alt=0&amp;tz=UCT3\" target=\"_blank\" rel=\"noopener noreferrer\">OCA<\/a><\/li>\n<li><a href=\"http:\/\/www.heavens-above.com\/PassSummary.aspx?satid=37820&amp;lat=-9.641661&amp;lng=-35.740835&amp;loc=oGLL&amp;alt=0&amp;tz=UCT3\" target=\"_blank\" rel=\"noopener noreferrer\">oGLL<\/a><\/li>\n<li><a href=\"http:\/\/www.heavens-above.com\/PassSummary.aspx?satid=37820&amp;lat=-20.0307&amp;lng=-46.0088&amp;loc=oIFM&amp;alt=0&amp;tz=UCT3\" target=\"_blank\" rel=\"noopener noreferrer\">oIFM<\/a><\/li>\n<li><a href=\"http:\/\/www.heavens-above.com\/PassSummary.aspx?satid=37820&amp;lat=-7.7986&amp;lng=-35.1027&amp;loc=oSAR&amp;alt=0&amp;tz=UCT3\" target=\"_blank\" rel=\"noopener noreferrer\">oSAR<\/a><\/li>\n<li><a href=\"http:\/\/www.heavens-above.com\/PassSummary.aspx?satid=37820&amp;lat=-3.7880&amp;lng=-38.5547&amp;loc=OTTO&amp;alt=0&amp;tz=UCT3\" target=\"_blank\" rel=\"noopener noreferrer\">OTTO<\/a><\/li>\n<li><a href=\"http:\/\/www.heavens-above.com\/PassSummary.aspx?satid=37820&amp;lat=-19.7949&amp;lng=-44.0051&amp;loc=PRN&amp;alt=0&amp;tz=UCT3\" target=\"_blank\" rel=\"noopener noreferrer\">PRN<\/a><\/li>\n<li><a href=\"http:\/\/www.heavens-above.com\/PassSummary.aspx?satid=37820&amp;lat=-18.9340&amp;lng=-47.0091&amp;loc=PTC&amp;alt=0&amp;tz=UCT3\" target=\"_blank\" rel=\"noopener noreferrer\">PTC<\/a><\/li>\n<li><a href=\"http:\/\/www.heavens-above.com\/PassSummary.aspx?satid=37820&amp;lat=-20.6897&amp;lng=-50.0407&amp;loc=RCP&amp;alt=0&amp;tz=UCT3\" target=\"_blank\" rel=\"noopener noreferrer\">RCP<\/a><\/li>\n<li><a href=\"http:\/\/www.heavens-above.com\/PassSummary.aspx?satid=37820&amp;lat=-22.1821&amp;lng=-52.7265&amp;loc=REA&amp;alt=0&amp;tz=UCT3\" target=\"_blank\" rel=\"noopener noreferrer\">REA<\/a><\/li>\n<li><a href=\"http:\/\/www.heavens-above.com\/PassSummary.aspx?satid=37820&amp;lat=-3.0075&amp;lng=-47.3465&amp;loc=RNR&amp;alt=0&amp;tz=UCT3\" target=\"_blank\" rel=\"noopener noreferrer\">RNR<\/a><\/li>\n<li><a href=\"http:\/\/www.heavens-above.com\/PassSummary.aspx?satid=37820&amp;lat=-16.4664&amp;lng=-54.6013&amp;loc=ROO&amp;alt=0&amp;tz=UCT3\" target=\"_blank\" rel=\"noopener noreferrer\">ROO<\/a><\/li>\n<li><a href=\"http:\/\/www.heavens-above.com\/PassSummary.aspx?satid=37820&amp;lat=-22.1851&amp;lng=-52.7183&amp;loc=RRA&amp;alt=0&amp;tz=UCT3\" target=\"_blank\" rel=\"noopener noreferrer\">RRA<\/a><\/li>\n<li><a href=\"http:\/\/www.heavens-above.com\/PassSummary.aspx?satid=37820&amp;lat=-29.5229&amp;lng=-51.1866&amp;loc=RSC&amp;alt=0&amp;tz=UCT3\" target=\"_blank\" rel=\"noopener noreferrer\">RSC<\/a><\/li>\n<li><a href=\"http:\/\/www.heavens-above.com\/PassSummary.aspx?satid=37820&amp;lat=-22.6023&amp;lng=-46.7135&amp;loc=RSL&amp;alt=0&amp;tz=UCT3\" target=\"_blank\" rel=\"noopener noreferrer\">RSL<\/a><\/li>\n<li><a href=\"http:\/\/www.heavens-above.com\/PassSummary.aspx?satid=37820&amp;lat=-7.1324&amp;lng=-34.9567&amp;loc=RSR&amp;alt=0&amp;tz=UCT3\" target=\"_blank\" rel=\"noopener noreferrer\">RSR<\/a><\/li>\n<li><a href=\"http:\/\/www.heavens-above.com\/PassSummary.aspx?satid=37820&amp;lat=-3.7858&amp;lng=-38.5490&amp;loc=SBF&amp;alt=0&amp;tz=UCT3\" target=\"_blank\" rel=\"noopener noreferrer\">SBF<\/a><\/li>\n<li><a href=\"http:\/\/www.heavens-above.com\/PassSummary.aspx?satid=37820&amp;lat=-22.8686&amp;lng=-48.4424&amp;loc=SMB&amp;alt=0&amp;tz=UCT3\" target=\"_blank\" rel=\"noopener noreferrer\">SMB<\/a><\/li>\n<li><a href=\"http:\/\/www.heavens-above.com\/PassSummary.aspx?satid=37820&amp;lat=-20.7151&amp;lng=-44.7850&amp;loc=SON&amp;alt=0&amp;tz=UCT3\" target=\"_blank\" rel=\"noopener noreferrer\">SON<\/a><\/li>\n<li><a href=\"http:\/\/www.heavens-above.com\/PassSummary.aspx?satid=37820&amp;lat=-12.9640&amp;lng=-38.5025&amp;loc=SSA&amp;alt=0&amp;tz=UCT3\" target=\"_blank\" rel=\"noopener noreferrer\">SSA<\/a><\/li>\n<li><a href=\"http:\/\/www.heavens-above.com\/PassSummary.aspx?satid=37820&amp;lat=-15.7193&amp;lng=-47.8777&amp;loc=TSR&amp;alt=0&amp;tz=UCT3\" target=\"_blank\" rel=\"noopener noreferrer\">TSR<\/a><\/li>\n<li><a href=\"http:\/\/www.heavens-above.com\/PassSummary.aspx?satid=37820&amp;lat=-7.2378&amp;lng=-35.8719&amp;loc=UNB1\/PB&amp;alt=0&amp;tz=UCT3\" target=\"_blank\" rel=\"noopener noreferrer\">UNB<\/a><\/li>\n<li><a href=\"http:\/\/www.heavens-above.com\/PassSummary.aspx?satid=37820&amp;lat=-20.3986&amp;lng=-43.5090&amp;loc=UOP&amp;alt=0&amp;tz=UCT3\" target=\"_blank\" rel=\"noopener noreferrer\">UOP<\/a><\/li>\n<li><a href=\"http:\/\/www.heavens-above.com\/PassSummary.aspx?satid=37820&amp;lat=-11.3036&amp;lng=-41.8562&amp;loc=WGI&amp;alt=0&amp;tz=UCT3\" target=\"_blank\" rel=\"noopener noreferrer\">WGI<\/a><\/li>\n<li><a href=\"http:\/\/www.heavens-above.com\/PassSummary.aspx?satid=37820&amp;lat=-2.5305&amp;lng=-44.2421&amp;loc=WSM&amp;alt=0&amp;tz=UCT3\" target=\"_blank\" rel=\"noopener noreferrer\">WSM<\/a><\/li>\n<li><a href=\"http:\/\/www.heavens-above.com\/PassSummary.aspx?satid=37820&amp;lat=-20.6959&amp;lng=-44.8303&amp;loc=WSR&amp;alt=0&amp;tz=UCT3\" target=\"_blank\" rel=\"noopener noreferrer\">WSR<\/a><\/li>\n<\/ul>\n<p><\/p>","protected":false},"excerpt":{"rendered":"<div class=\"wpm_excerpt clearfix\"><p>Abaixo uma listagem das passagens da\u00a0Tiangong-1 para cada esta\u00e7\u00e3o BRAMON. Se sua&hellip;<\/p>\n<\/div>","protected":false},"author":35,"featured_media":0,"parent":0,"menu_order":10,"comment_status":"closed","ping_status":"closed","template":"","meta":{"spay_email":""},"jetpack-related-posts":[],"_links":{"self":[{"href":"http:\/\/www.bramonmeteor.org\/bramon\/wp-json\/wp\/v2\/pages\/1662"}],"collection":[{"href":"http:\/\/www.bramonmeteor.org\/bramon\/wp-json\/wp\/v2\/pages"}],"about":[{"href":"http:\/\/www.bramonmeteor.org\/bramon\/wp-json\/wp\/v2\/types\/page"}],"author":[{"embeddable":true,"href":"http:\/\/www.bramonmeteor.org\/bramon\/wp-json\/wp\/v2\/users\/35"}],"replies":[{"embeddable":true,"href":"http:\/\/www.bramonmeteor.org\/bramon\/wp-json\/wp\/v2\/comments?post=1662"}],"version-history":[{"count":0,"href":"http:\/\/www.bramonmeteor.org\/bramon\/wp-json\/wp\/v2\/pages\/1662\/revisions"}],"wp:attachment":[{"href":"http:\/\/www.bramonmeteor.org\/bramon\/wp-json\/wp\/v2\/media?parent=1662"}],"curies":[{"name":"wp","href":"https:\/\/api.w.org\/{rel}","templated":true}]}}